3). Suppose -4*t - 3*d + c = -3*t, -5*t + d - 40 = 0. Is b(t) composite?
False
Let b(x) = 1422*x - 227. Is b(9) a prime number?
False
Let t(l) = 415*l**2 + 2*l + 2. Let a be t(-1). Let g = a - -1128. Is g composite?
False
Let b(z) = -8*z + 1. Let j be b(-5). Suppose 8 + 12 = -5*l. Let n = l + j. Is n a prime number?
True
Let a = -169 + 867. Suppose 0*l + y - a = -5*l, 0 = 5*l - 5*y - 680. Is l prime?
True
Suppose 4*v + 5*y - 51179 = 0, -2*v = -5*y - 10525 - 15042. Is v a composite number?
False
Let l(f) = 45*f**3 + 3*f**2 - 60*f - 5. Is l(6) a composite number?
False
Suppose -3*i + 2*i = -z + 2590, -4*z = -2*i - 10358. Is z prime?
False
Suppose -4*p + 4*d - 63 = 105, 3*p = 4*d - 122. Suppose 0 = -3*a - 138 - 237. Let t = p - a. Is t a prime number?
True
Suppose 0*y - 5*s + 38 = -y, 2*y - 5*s = -56. Let q be (0 - 2)/(158/40 - 4). Let m = y + q. Is m a composite number?
True
Suppose -4 = 3*z - 10. Suppose -3*n - 3*j + 1968 = 0, n = -z*j - 167 + 826. Is n composite?
False
Let h(t) = -601*t + 178. Is h(-33) prime?
True
Suppose -1175 = -u - 3*s - 0*s, -5903 = -5*u - s. Is u prime?
True
Let r(w) = -27*w**3 - 6*w**2 - 9*w - 13. Is r(-4) composite?
True
Suppose -22*y + 17297 + 122117 = 0. Is y a composite number?
False
Suppose -7*h = -9 - 19. Suppose -m = 5*r - 1055, 0 = -h*m + 6*m. Is r a prime number?
True
Let f(b) = 40*b - 293. Is f(50) composite?
True
Let a(q) be the first derivative of 3*q**2/2 + 26*q - 11. Is a(-5) composite?
False
Is (1 - (-9 - -11))/((-3)/35463) a composite number?
False
Suppose 5*h + 13 = 33. Suppose -8*o + h*o = z + 1689, 3*o = -z - 1267. Is (-2 + -3)*o/10 prime?
True
Suppose 0 = -f + 5 - 0. Suppose 0 = -5*t - 25, -f*l + t + 355 = -t. Is l a composite number?
True
Let k(h) = 65*h - 17 + 100*h + 5. Is k(5) a prime number?
False
Let y = 54477 + -37240. Is y a prime number?
False
Suppose 3*g = -2*n + 8, 2*g - 4*g = 0. Suppose -n*b + 45 = -87. Is b composite?
True
Let c(v) = 221*v**2 - 6*v - 16. Is c(-3) a composite number?
True
Let r(j) = 2*j - 4. Let v be r(4). Suppose p - v = -3*p. Is -1*(-370 - (2 + p)) a composite number?
False
Is (-150)/225 + 7786/6 prime?
True
Suppose -1019491 = -32*f + 1319037. Is f a prime number?
True
Suppose -5*m + 4*p = 2*p - 53, 4*p = -2*m + 2. Suppose m*g = 4*g + 1465. Is g composite?
False
Let d = -981 + 1393. Suppose 0 = -3*l + d + 1247. Is l composite?
True
Let j(d) = 3 + 6 + 185*d - 4 - 323*d. Is j(-9) prime?
False
Let d(a) = -a**2 + 8*a - 15. Let r be d(6). Is 690 + 3 + r/((-9)/(-6)) a composite number?
False
Let q = -28115 - -67278. Is q a composite number?
False
Suppose 30*m - 9*m - 416913 = 0. Is m a composite number?
False
Let p = 14232 + 9199. Is p composite?
False
Let x be (2/(-5))/(12/(-120)). Suppose -g = -5*o + 2451, o - x*g = -2*o + 1457. Is o composite?
False
Suppose -4*j - 5*q - 1722 = 0, j - 2*q + 1736 = -3*j. Let g = 1408 - j. Is g a prime number?
False
Let b(m) = -m**3 - 3*m**2 + 44866. Is b(0) a prime number?
False
Suppose -21*o + 3*o + 214254 = 0. Is o a prime number?
True
Suppose d + 2*d + 42 = 0. Let o = 12 + d. Is 2/(o - 600/(-298)) prime?
True
Let c = -82 + 92. Is (-168)/(2 - c) + (-2)/1 prime?
True
Let f(l) = -16*l**3 - 8*l**2 + 6*l - 3. Let v(o) = 31*o**3 + 17*o**2 - 12*o + 7. Let k(x) = -5*f(x) - 2*v(x). Is k(5) composite?
False
Suppose -t = 5*y - 2*t - 2036, 0 = -y + 4*t + 411. Is y a prime number?
False
Let g(q) = -495*q + 6. Let w be g(-7). Let o = -2416 + w. Is o a composite number?
True
Suppose -4 + 0 = i. Let q be (-7407)/(-99) + i/(-22). Suppose p - 265 = -2*p - 2*z, -p + 2*z + q = 0. Is p a prime number?
False
Suppose -3*h = 4 - 22. Suppose 5*i = -10, -h*i + i = 5*w + 15. Is w/(1 + 12/(-11)) prime?
True
Let g = 13578 + -7652. Let s = -8738 + g. Is s/(-20) + (-8)/(-20) a composite number?
True
Suppose -6*b + 492 = -1110. Is b a prime number?
False
Let f be ((-494)/4)/((-6)/12). Let t = 262 + f. Is t prime?
True
Let v = 521 + 552. Let u = -252 + v. Is u composite?
False
Let q(l) = 0*l**3 + 3*l**3 - 2*l**3 + 3*l + 10 + 0*l - 15*l**2. Is q(16) a prime number?
False
Suppose 3*q = -2*m + 3*m, m = -q. Suppose 6*w - 5*u - 15 = w, -2*u + 4 = m. Suppose -w*x + g = -245, -g = x - 4*g - 49. Is x a composite number?
True
Let x = -18 - -29. Let d = x + -7. Is 1/d + 735/20 prime?
True
Suppose 4*r = 5*u - 36, r - 5*r = 5*u - 44. Suppose z + 3*z - u = 0. Suppose z*t + 4*m - 45 = -17, -5*t - 2*m = -102. Is t a prime number?
False
Let i = 73133 + -44626. Is i a prime number?
False
Let x(q) = -2*q**3 + 3*q**2 + 11*q - 6. Let z be x(7). Let v = -148 - z. Let g = 534 - v. Is g a composite number?
True
Let s = 19640 + -12023. Is s composite?
True
Suppose -3*d + 4 = 2*d + 3*n, -d - n = 0. Suppose 2*f - d = 2. Is (f*1)/((-38)/(-5035)) prime?
False
Let l(k) = k**2 + 6*k - 1. Let s be l(-7). Suppose 2*r + 16 = -d + 7, s = -3*d + r. Let j(q) = 10*q**2 + 6*q + 5. Is j(d) prime?
False
Suppose -l + 2*v + 3300 = 4*v, -v = 2*l - 6615. Let b = l + -2168. Suppose b + 1682 = 8*u. Is u a composite number?
False
Suppose -3*t - 5 = -r + 7, 3*r + 2*t + 19 = 0. Suppose 4*u - 12 = -4*m, 2 = -m + 2*u - 1. Is m - (2 + -1 + r) composite?
False
Let y = 14 + -10. Suppose y*a - 2*x - 1316 = 0, 780 = 2*a + x + 114. Is a composite?
False
Suppose -5*r + 367 + 393 = 0. Let s = 610 + -337. Let o = s - r. Is o a prime number?
False
Let m(z) = 95*z + 8633. Is m(0) a composite number?
True
Let k = 18 + -16. Suppose 0 = -k*o - 40 - 30. Let z = o + 68. Is z prime?
False
Let h(c) = -2*c**2 + 20*c + 9. Let s be h(10). Let y be s + (-10)/(-5) + -4. Suppose -y*u + 3*u + 844 = 0. Is u prime?
True
Let m be 2/13 + 48/26. Suppose -m*j = -0*j - 758. Is j a composite number?
False
Let s(h) = -h**2 - 10*h + 2. Let k be s(-10). Suppose -k*w - 548 = -3*v - 7*w, 2*v = w + 387. Is v a prime number?
True
Let k be (0/7)/(-1 - -3). Suppose k = -5*y + 131 + 264. Is y a composite number?
False
Suppose -4*w = -3*r - 5, 3*w - 3*r = -0*r. Suppose -t + 3 = 0, 5*m + 9*t - 40 = 4*t. Suppose -m*n = 5*g - 2*g - 335, 0 = w*g. Is n composite?
False
Suppose 2*y = 3*y - 1282. Let v = -909 + y. Is v composite?
False
Let r = -380 + -174. Let t(i) = -i**2 - i - 4. Let j be t(0). Is r/j + (-5)/(-10) a prime number?
True
Suppose -d = -3*o - 1375, -4*o - 4105 = -6*d + 3*d. Is d a composite number?
True
Let s = -11 - -14. Suppose x + 0*i = i - 9, -5*x + s*i = 35. Is 6*2/(-16)*x a composite number?
False
Let d(w) = w**3 - w**2 - w. Suppose -6*o + 0 = 6. Let m(t) = -2*t**3 + 2*t**2 - t - 5. Let s(j) = o*m(j) - 3*d(j). Is s(-6) prime?
True
Let k(x) = 3*x**3 - 1. Let y be k(1). Suppose y*m = -8 + 42. Let s = 76 - m. Is s composite?
False
Let p = 6708 - 1369. Suppose -5*z - p = -4*b - 2*z, 2*z = 5*b - 6679. Is b prime?
False
Is ((-11151)/(-18))/21*10 a prime number?
False
Let g = -21 + 24. Suppose -5*k + 25 = 0, -2*z + g*k = 2*k - 3. Suppose z*x - 4*q = -527 + 1743, q - 306 = -x. Is x a composite number?
True
Let x(i) = 9*i + 15*i - 22*i - 9. Let n be x(7). Suppose n*l - 215 = 1355. Is l prime?
False
Let w(m) be the third derivative of m**5/15 - m**4/24 - 3*m**2. Suppose 0 - 9 = -3*u. Is w(u) composite?
True
Let p(o) = 6*o**3 - 5*o**2 + 4*o + 3. Let w be p(5). Is 2*3/(-6)*1 + w a composite number?
False
Suppose 4*q = -q, -4*c = -4*q - 64. Suppose -79 - c = -5*w. Is (4 + w)/((-3)/(-33)) a composite number?
True
Is 1 - (3 - (-204)/(-4)) prime?
False
Let m(o) = 2*o**2 + 5*o - 3. Let f(d) = -4*d**2 - 9*d + 7. Let y(p) = 4*f(p) + 9*m(p). Let r be y(9). Let k = -161 + r. Is k a prime number?
True
Is (-6)/(-4)*-794536*20/(-240) a prime number?
True
Let t(g) = 74*g**2 + 2*g. Let d be t(2). Suppose 0 = -z + j + 451, -4*j = 5*z + 1215 - 3425. Suppose 2*b - d - z = 0. Is b prime?
True
Let h be (18/(-45))/(3/255). Let t = h - -173. Is t a composite number?
False
Let p(z) = -17*z + 9. Suppose 7*g - 10*g - 12 = 0. Is p(g) a composite number?
True
Suppose -6*c = 4*c. Suppose -8*a + 10*a + 3*h - 155 = 0, 3*a + h - 236 = c. Is a a prime number?
True
Suppose 2*u + 2*v - 16 = -0*u, 4*u = v + 12. Suppose -2*g = -5*w + 95, 0*w - g = u*w - 76. Suppose -t + 27 = -z, -48 = -3*t - 4*z + w. Is t a prime number?
False
Suppose -436*g + 441*g - 65814 = -c, 4*c - 263176 = -4*g. Is c a composite number?
False
Suppose -21 = 6*m + 15. Is 3/m*3*(-1108)/3 a composite number?
True
Let l = -18